8 - ((1 - -1) + -2)?
13
12 - (-9 + 33 + -2)
-10
What is the value of 704 + -707 - (0 + -14)?
11
What is the value of 20 - 18 - -23 - 20?
5
What is -11 + (-1 - 3) + 3 + 9 + -4?
-7
Calculate -31 - (-62 + -42 - -37).
36
What is the value of 4 + (-3 - (2 - 1)) + 2 + 7?
9
Evaluate (-3 - 4) + (270 - 286) + (24 - 0).
1
(-1 - 0) + (-13 - 7 - -9) + 25
13
(86 - 97) + 6 + -13
-18
What is the value of -21 + -25 + (-21 - -84)?
17
What is (-13 - -2) + 4 + 3 + (1 - 1)?
-4
Evaluate 21 + (-1 - (6 - -7)).
7
-1 - 12 - (-24 + -8 + 39)
-20
Evaluate 19 - (2 + -16 + (19 - 13)).
27
What is -9 + (-13 - -28) - (1 - 4)?
9
What is the value of (2 - -3) + (48 - (25 - 2))?
30
What is the value of 7 + 5 + -17 - -28 - (9 + 1)?
13
Calculate (-18 - -7 - -22) + -6 + 15.
20
Calculate (-12 - -23) + 4 + -17.
-2
What is the value of -26 + (-51 + 22 - -26)?
-29
What is the value of (-3 - (-21 + 12)) + -15?
-9
Evaluate (6 + -1 - (69 + -47)) + (-2 - 0).
-19
What is the value of (13 - 0) + -8 - -1?
6
Evaluate (285 - 318) + (35 - 0).
2
Evaluate -65 + 55 - (-3 - 8).
1
-3 + 12 + -14 - -4
-1
What is 60 - 50 - (2 + 14)?
-6
What is the value of (5 - -3) + 3 + -5 + -2 + 5?
9
What is the value of -15 - (-14 - 11 - -15)?
-5
Calculate 1 + (22 + 2 + 5 - (4 + 4)).
22
-2 - (6 + -18 + 8) - 2
0
1 + 8 - (11 + -4 - 9 - 7)
18
0 - (-7 - -5 - (0 + -12))
-10
Evaluate 75 - 70 - ((11 - (-2 - -3)) + -2).
-3
What is -2 + 0 - (9 - (0 + -10 + 14))?
-7
5 + 0 + 1 + 34 + -41 + 29
28
What is -12 - (-59 - -20 - -4)?
23
Evaluate 6 - 3 - ((4 - 1) + 11 + -9).
-2
What is (-2 - -1) + -5 + 30 - (-7 + 14)?
17
Calculate -1 + 1 - (8 + (9 - 14)).
-3
What is the value of (8 - (10 - (11 + -13))) + 0?
-4
Evaluate -1 + -3 - 1 - (5 + 2 + 2).
-14
Evaluate 5 + -5 + -1 + (7 + -15 - -13).
4
What is 4 + 6 - 15 - 19?
-24
What is the value of (-2 - -1) + (-1 - (27 - 41))?
12
Evaluate (-3 - (-15 + 7 - 9)) + -2.
12
What is 8 - (6 - -18) - -31?
15
What is the value of 68 + (24 - 67) - 34?
-9
6 + (-1 - 13) + (30 - 26)
-4
Calculate (0 - -1) + (161 - 161).
1
Calculate 13 + 21 + -7 - (17 - 6).
16
Calculate (-5 - -1) + 7 + -1 + 1 + -6.
-3
Calculate (-4509 - -4479) + -4 + 1 + 1.
-32
Evaluate 0 - (2 - (4 + -11 + 13)).
4
What is the value of 16 - (-23 + 19 + 7)?
13
What is the value of (5 + -1 + 1 - -1) + 327 + -347?
-14
Calculate -6 - (5 - ((-6 - -6) + -1)).
-12
What is the value of 0 + 7 + (-6 + 5 - (-25 + 43))?
-12
What is (-8 - 1) + (-10 + 18 - -13) + -17?
-5
(-22 - (-72 + 19)) + -12 + 2
21
What is the value of (44 - 30 - (0 + 10)) + (0 - 3)?
1
Calculate -8 - (-7 - 22) - 9.
12
Evaluate 6 + -8 + 0 + 9 + -3.
4
Evaluate (0 + 1 - -24) + 31 + -33 - 1.
22
What is the value of 5 + (-3 - 9 - -18 - 10) + -12?
-11
Calculate -6 - (7 + -5) - 20.
-28
What is 4 + (4 - 11 - 7) + 2?
-8
Calculate 14 + (-20 - (23 - 28)).
-1
2 + 7 + -2 - ((22 - 49) + 19)
15
-34 + 4 + (104 - 72)
2
-33 - -39 - (1 - -13 - 0)
-8
Evaluate -2 + 9 - (0 - (6 + -2)).
11
Evaluate 6 + (-20 - -58 - 18).
26
Evaluate 14 + (-14 - -40) - 71.
-31
Calculate -3 - ((2 - 8) + 18 + -6 + -12).
3
Calculate (-21 + 0 - (0 + -5)) + 7.
-9
Evaluate -1 + (3 - 1 - (16 - 10)).
-5
Evaluate -5 + -1 + 9 + (-3 - -6).
6
Calculate (2 + 5 - 5 - 7) + -5.
-10
-21 - -13 - (-10 + 2)
0
What is (8 - 2) + (21 + 0 - 42)?
-15
What is 11 - (-1 + (39 - 14))?
-13
28 + (-30 - -21) + -3
16
What is -6 + 14 - 13 - 8?
-13
What is the value of 1 + 1 + -3 + 4 + (0 - 1)?
2
-7 + 5 + -15 + 10 - -15 - -10
18
What is 34 + 0 + (17 - 48)?
3
Evaluate (-20 - (-52 + 27)) + 0 + -11.
-6
Calculate -20 + 26 + -8 + (-7 - -1) - -20.
12
(-3 - -11) + -8 + 10 + -13
-3
What is the value of (-93 - -75) + (21 - -4)?
7
Evaluate 9 + (-9 - (-3 + -8)).
11
Evaluate -5 + (-42 - -33) + 14 + 2 + -10.
-8
Evaluate (14 - 5) + 3 + -2 + -9.
1
-16 + -11 + -15 + 9 + 57
24
-13 - -31 - (-31 + (4 - -8))
37
15 - (14 - 12) - 15
-2
Evaluate -23 - (6 - (26 + 5)).
2
What is -259 + 251 + 1 + 10 + -1 + 3?
5
What is (356 - 339) + (0 - 24)?
-7
(-2 - -18) + -7 + -1
8
Calculate -16 + 2 + -3 + 43 + -33.
-7
Calculate 9 + -1 + (-19 - -22).
11
What is the value of -21 + -5 - (-10 - -1)?
-17
What is 19 + -3 + ((20 - 6) + -19 - -10)?
21
(-1 - (9 + -3 - 6)) + 0
-1
(333 - 312) + (-21 - -1) - (-16 - -1)
16
-1 + -3 + -20 + 26 + -23 + 4
-17
(2 - (1 - (3 - 3))) + -1 - 1
-1
What is 15 - (-22 + 73 - 25)?
-11
Calculate 4 + -6 + -6 + (0 - -10).
2
Calculate 5 + -21 + (-17 - -24).
-9
2 - (-30 - (-7 + 0))
25
Calculate -39 - -43 - (4 + -1) - (4 + -12).
9
Evaluate (-1 - (18 + -6 + -6 + -3)) + -15.
-19
Calculate -26 + -22 + 19 + 28.
-1
What is (-3 - -8) + 2 + (0 - 1) - 18?
-12
What is -35 - (-44 + 23 + 6)?
-20
Evaluate -11 + (4 - -3) + (22 - 41).
-23
What is the value of 1 + -2 + (-2 - 4 - 0)?
-7
What is the value of 5 + (5 - 10 - 4)?
-4
4 + -59 - (3 - 45)
-13
What is the value of 10 + (-14 - -1) + -11?
-14
6 + 2 + 4 + -3 + 4 + -1
12
Evaluate -15 + 11 - ((-2 - -3) + -10 - 0).
5
What is (-3 - 4) + -8 + -2 - (0 + -4)?
-13
What is the value of (86 - 87) + (2 - 1) + -2 + -11?
-13
Evaluate -27 - 0 - (309 + -336).
0
Evaluate (25 - 15 - 32) + 12.
-10
-2 + (5 - (-4 - 0)) - (0 - 2)
9
Evaluate (4 - -6) + 44 + -38.
16
What is the value of 1 - -15 - (298 + -286) - 22?
-18
2 - (-3 + 16 + -10) - (-6 - -2)
3
What is the value of 16 - (-17 - (-2 - 8))?
23
Evaluate (-26 - (-12 + -13)) + -17.
-18
Evaluate 0 + 13 + 7 + -31.
-11
-5 + 23 + -16 - (-2 - (6 + 2))
12
Calculate (54 - (-40 + 87)) + (-11 + -1 - -1).
-4
What is -7 + (0 - (-2 + 3)) + (189 - 185)?
-4
Evaluate 6 - -2 - (14 - (-13 + 24)).
5
What is the value of (-179 - -172) + (1 - 1) - 4?
-11
What is the value of -1 + -15 + -2 + 24 - (-1 + 29)?
-22
17 + -4 + 8 + 0 + -4 + -5
12
Calculate -12 - (15 + -22) - (-7 + 17).
-15
-4 + (-30 - -29) - (9 + -1)
-13
Evaluate -25 + (0 - (-6 + 1)) + (1 - 1).
-20
What is the value of 5 + -7 + -2 + (33 - (2 - -8))?
19
(-2 - -5 - 14 - 6) + 0
-17
Evaluate -10 + 26 + -25 + 10 + -17.
-16
What is (11 - -12) + -19 - -6?
10
3 - 0 - (-29 - -5 - -4) - 1
22
Evaluate 14 + (-15 - 2) + 4 + 15.
16
(31 - 55) + -2 + 16 - 8
-18
What is the value of 16 - ((5 + -7 - -4) + 19 + -21)?
16
Evaluate 2 - -25 - -13 - 24.
16
(9 - 0) + (14 - 10) - (-4 + 0)
17
What is the value of -1 + 3 + -9 + 17 + -51 + 52?
11
-74 - -65 - (-2 - 3 - 17)
13
What is 8 + -8 + (-1 - -2 - 1) + 4?
4
What is 5 + 1 + -1 + (11 - (51 + -40))?
5
Evaluate (-2 - -6 - (3 + 1 - -6)) + -5.
-11
What is (-4 - 2) + -7 + 0 + -4?
-17
Evaluate -1 + 4 + (11 + -33 - -34).
15
Calculate (10 - (12 - 8)) + -6 + -8.
-8
What is the value of (12 - 5) + (9 + -32 - (0 + -6))?
-10
Calculate ((-7 - -13) + -3 - 5) + (-3 - 3).
-8
What is 14 + -9 - 8 - -15?
12
Evaluate -2 + 1 + -3 - (-10 - (-6 + 23)).
23
What is the value of -4 - (7 - (16 + -16 + 8))?
-3
Calculate -1 - 11 - ((-6 - 11) + 18).
-13
Calculate -7 + (-11 - -7) + (-18 - -23).
-6
Evaluate 14 + -43 + 19 - -15.
5
What is the value of 8 + -19 + (3 - 4) + (-11 - -5)?
-18
Calculate 19 - (6 - (16 + -12)) - -15.
32
Calculate (-9 - (-10 - -15)) + (-5 - -20).
1
What is the value of (0 + -23 + -1 - -5) + -54 + 62?
-11
Calculate 1210 + -1226 + 10 + -1 + -1.
-8
What is 12 - (15 + -10) - -9?
16
Calculate (18 - 1) + (39 - 37 - 45).
-26
Evaluate (-34 - -30) + 0 + -2.
-6
What is (-8 - 8 - -23) + -38 + 7?
-24
Evaluate 39 + 0 + 119 + -139.
19
What is 10 - (33 + (-13 - -13) + -4)?
-19
What is 28 - (-11 - (-28 - 2))?
9
What is -5 + 12 + -15 + (-81 - -74)?
-15
What is the value of -11 + (9 - 8) + 2 + (-6 - -2)?
-12
Evaluate -21 - (-23 + 16 + 4).
-18
Evaluate (-5 + 18 + -11 - -5) + -6.
1
Evaluate -2 + 3 - (8 + -10).
3
(-6 - (13 + -5 - 8)) + 4
-2
Calculate (2 - -2) + -13 - (9 - 11).
-7
5 - 22 - (19 + -38)
2
Evaluate 2 + (-1 - -2) + (-5 + 19 - 22).
-5
What is the value of 362 - 410 - (1 - 31)?
-18
What is the value of 20 + -32 + -15 + 18?
-9
What is (2 - 1 - -4 - 14) + -1 + -2?
-12
What is -9 - (-2 + 8) - -8?
-7
Evaluate 4 + (1 - 6) + -2 + 8 - 7.
-2
What is -1 + -12 + -149 + 163?
1
-36 - (-25 + 35 + -27)
-19
13 + (-4 + 2 + 0 - -6) + -5
12
What is the value of -9 - (9 + -6) - -24?
12
Calculate 0 - ((13 + -9 - 12) + -16).
24
34 + -42 - (2 - 29) - (8 - 2)
13
Evaluate (-3 - 2) + -8 + 5 + 4.
-4
Evaluate -16 + -1 - (-78 + 62).
-1
Calculate 36 - (-36 - 2 - -38).
36
What is -7 + (7 - 39 - -67)?
28
6 + (-12 - -6 - 5) - (-12 - -33)
-26
What is -10 + 0 + -159 + 165?
-4
What is 10 + 0 + (23 - 39